 - (94 + -105) - 25?
-43
(38 - 1) + 5 + 18 + 177 + -170 + -21
46
What is the value of 19 + -99 - -39 - -59?
18
What is the value of 2 + (-8 - (12 - 30 - -10)) + (-3 - -71)?
70
Calculate -9 + (-5 - 18) + 9 - 13.
-36
Evaluate (-8 + (5 - (-7 - 6)) - 12) + 0 + -19.
-21
Calculate (-14 - (15 - 7) - -18) + 1 + (-2 - -3).
-2
-56 - -1 - (-1989 - -1978 - (0 + -3))
-47
What is 1 + (-7 - -55) + (-232 - -143)?
-40
Evaluate -1224 - -1213 - (-70 - -3).
56
What is 10 + 4 - (-2 - (-2 - 0)) - (-197 - -137)?
74
Calculate (62 - 32) + (-35 - (-5 - 5)).
5
Calculate 77 + 6 - (21 + 2).
60
What is -5 + (-71 - (0 + (13 - 5) + 10 + -20))?
-74
Evaluate -51 - (6 - (-8 - -45)).
-20
What is the value of 41 - (-12 - -47) - 41?
-35
Calculate -3 + (2 - 6 - (10 + -6) - -74).
63
Evaluate (-6 - -29 - (1 - -2)) + (-976 - -969).
13
Calculate 5 + (-4 - -4) - (-22 - (6 + -25 + -100)).
-92
25 + -49 + 41 - (16 - -1)
0
Calculate (-5 - (3 - 2) - 6) + 18 + (-4 - 5).
-3
What is the value of 51 + 0 + (-70 - (-85 - -17))?
49
Evaluate -1 + 7 + (-21 + 35 - -20).
40
Evaluate -55 - 0 - (1149 + -1175 - (-1 + -8)).
-38
Evaluate (29 - 3 - (-1 + 14)) + -26.
-13
-132 + -64 + 57 + 58
-81
Calculate (-1 + 19 - (29 + -33) - (20 + -8)) + 66.
76
What is the value of 135 + -149 - 7 - (-23 - -4)?
-2
What is 27 + (52 - 70) + -9 + 9 + -1 + -29?
-21
(-83 - -2) + 27 + 29
-25
What is -9 + 5 + -2 - (-10 + (-27 + 11 - -28))?
-8
Evaluate -18 + -12 + 1 + 11 + 11.
-7
What is 258 - 256 - ((8 - -21) + 2)?
-29
What is the value of 63 + (-18 - -51) + -3 + -15 + -6?
72
What is -28 - -30 - (7 + -2 - (9 - -2))?
8
Calculate 709 - 649 - (-12 + -24).
96
What is the value of 100 + (41 - 59) + 0?
82
Evaluate (-43 - (-6 - -9)) + 1 + -18 + 13 + 13.
-37
15 + (-5 - (17 - 13) - -5)
11
What is -36 + -18 + 47 + -22 + (-2 - 1)?
-32
What is (-48 + 47 - (0 + -115)) + (-2 - (12 - 2))?
102
(-9 - 1 - (193 - 177)) + (-6 - 8)
-40
What is the value of -55 - (-218 + 122) - 129?
-88
What is 350 - 338 - (5 - 26)?
33
What is the value of (1 + 5 + -5 - 6 - (-30 + 34)) + 40?
31
What is (-885 - -927) + (3 + -4 - 1)?
40
69 - -2 - (0 - 35 - (-621 + 571))
56
What is 20 + 14 + -2 + -21 + -1?
10
What is -4 + (7 - (25 + -35) - 11)?
2
What is 8 + 17 + 15 + -28 + -9 + 12?
15
What is -122 - -136 - (0 - 0 - -57)?
-43
Calculate (6 - (12 + -6 + 6)) + -5 + -23.
-34
Calculate (-6 - -11) + -32 + (21 - (-4 + 11)).
-13
What is the value of -21 - (-68 + (57 - 25) + -45)?
60
What is (11 - 13) + -13 - (9 + -90 + 2)?
64
(13 + 5 - 10) + (19 + -28 - 61)
-62
45 + (-23 - 0) + 9 - 21
10
What is the value of -17 + -22 + 39 - -8?
8
Calculate 19 + 51 + -52 + (-2 + 7 + -1 - 2).
20
Calculate (5875 - 5841) + -2 + -1 + (4 - 2) + 1.
34
Calculate 21 + (-3 - (-2 - 3)) + -40.
-17
21 + 1 + -61 + -18 + 47
-10
Evaluate 73 + -111 + 53 + -115.
-100
What is -13 - -3 - (16 + (8 - (2 + 105)))?
73
What is (-50 - (-9 - 40)) + 66 + 3 - (-8 + 1)?
75
Evaluate 14 + (3 - 1) - (-1327 + 1345).
-2
Evaluate 68 - ((4 - 6) + 65 + -31).
36
What is -38 + (32 - 4) + 40?
30
What is -12 - (-10 + 2 + 15 + -13)?
-6
What is the value of (-2 - (-13 - (-16 - 17))) + -17?
-39
(124 - (71 + -125)) + -62
116
Calculate (4 - (-18 - (-27 - -17))) + 30.
42
What is (0 + -17 - (-51 - (-69 - -21))) + 20?
6
Evaluate -4 + (-33 - -51) + -49.
-35
Calculate 0 + 92 - (327 + -681 - -399).
47
What is (6 - 18) + (0 - -8) - ((18 - 22) + 18)?
-18
What is the value of 9 - (1 - -4) - 10 - (-32 + 17 + 9)?
0
13 + -12 + (-8 - -14) + -15
-8
Calculate 6 + 0 + 34 + -246 + 218.
12
Calculate 1 + -10 - (-152 + 62 - (24 - (7 - 1))).
99
What is the value of -3 - (-14 + (14 - -8 - 15) + (-3 - 6))?
13
What is the value of 9 + 3 + 3 + -9 - (15 - (-101 - -57))?
-53
What is the value of (1 + -93 - (-5 - 16)) + 3?
-68
Calculate (-13 + 1 - (4 - 1)) + (-19 + 54 - 8).
12
Calculate -31 + (162 - 57) + -3.
71
1 + -2 - (-3 + -11 + 20 + -18 + 0)
11
What is the value of -5 + (-6 + -3 - (-157 + 165 + (-2 - 30)))?
10
Calculate (-3 - 1) + ((-34 - (-32 + 28)) + 44 - 152).
-142
What is (0 - (-7 - (-13 - (-9 + 15)))) + 6?
-6
Evaluate (34 - 23) + (-36 - -11) + 6.
-8
What is -11 - (-30 - -38 - -69)?
-88
Evaluate -16 + 12 - (-48 - (11 - 4) - 11).
62
What is the value of -132 + -1 + (35 - (-72 + 88))?
-114
What is (-1 + 5 + -6 + -7 - (35 - -5)) + -4?
-53
What is -1 + 8 - (75 - (38 + (14 - 38)))?
-54
What is (2 - (-9 - -6)) + -10 + (-14 - (0 - 13))?
-6
What is the value of 24 + -57 + -81 + 83?
-31
Calculate -58 + (-27 - -65 - 39).
-59
Calculate -8 + 1 + 44 + -36 + 13 + (-136 - -11).
-111
What is the value of 50 + (-465 - -477) + -1 + 17?
78
-1 + 8 + (50 - 11) + (6 - 16) + 6
42
Evaluate 51 - (44 + (-50 - -17)).
40
-19 + (22 - (-16 - -49)) + -1 + -51
-82
What is -13 + (-6 - (9 - 8 - 0)) - (-31 + 31)?
-20
Evaluate -2 - -14 - (38 + (0 - 10) + (1 - -2)).
-19
Evaluate -1 + (6 + (-23 - -7) - (-4 - 0 - 5)).
-2
What is the value of 44 - (-73 - -60) - 154?
-97
Evaluate -1 + 3 + 49 - (292 - 293).
52
Evaluate -10 + 25 - ((1 - 3) + -14 + 12).
19
Evaluate (0 - 5) + (-20 - (7 - 28)) + (-2 - 115).
-121
(-8 - (2 - -1) - 1) + 224 + -199 - 100
-87
What is (-19 - -8) + 2 + -26 + 36 + 30?
31
Calculate 9 + (-2 - 4) + (110 - 92).
21
Evaluate (4 - (0 + 43)) + (11 - (27 + -9)).
-46
What is the value of -3 + 75 + (39 - (93 + -26))?
44
What is 4 + 2 + -57 + (-28 - 36) + 49?
-66
What is -159 - (-134 - -18) - -77?
34
What is (-60 - -69) + 1 + -3 + 2 - (-1 + -12)?
22
Calculate (-17 - (5 + -15) - -21) + -4 + 6.
16
Calculate -2127 - -2185 - (83 - -9).
-34
(-15 - 37) + (-8 - -1 - -5)
-54
14 + (50 - 70 - (-45 - -2))
37
What is -10 + (1081 + -1065 - ((-2 - -99) + 3))?
-94
What is (34 - 0) + (29 - -39 - 57)?
45
Calculate (-32 - -10) + -142 + 175.
11
Evaluate (-22 - -9) + -14 + 11 + (-11 - -4) - 13.
-36
What is 18 - (-10 + 2 - (-503 - -437))?
-40
What is the value of 3 + 23 - (43 - -34) - -26?
-25
What is the value of 1 - -70 - (-7 - (47 - 99 - -22))?
48
Calculate -139 - -85 - (-22 - -7).
-39
Calculate 7 + -18 + 2 + 4 + -3 + -65.
-73
-6 - (-18 - (-23 - -12) - -6) - (19 - 1)
-23
Calculate (8 - (0 - -1)) + (69 - 5) - (-62 - -69).
64
What is the value of (950 - 974 - (0 + 34)) + -29?
-87
What is the value of (14 - 19 - 4) + (-42 + 3 - -5)?
-43
What is (-1 - -19) + -31 + -2 + 36 + -16 + 7?
12
What is (-2 - (3 + -3)) + 2 + (241 - 37 - 153)?
51
What is the value of 18 + -47 + -55 + 44?
-40
Evaluate -1961 + 2210 + -108 + 1.
142
Evaluate 4 + 2 + (60 - 26) + 13.
53
2 + -41 + (76 + -61 - 76)
-100
-12 - ((9 - 28) + (15 - 2 - 6))
0
Calculate -67 - 0 - ((7 - 0) + (-37 - (-3 + -19))).
-59
What is 129 + 46 + (-160 - -27)?
42
(-1 - 1) + (-38 - -49) - (15 - 28)
22
Calculate -7 + (-12 - -2 - -34) - -15.
32
Calculate (-14 + 20 + 0 - -52) + 6.
64
What is 95 + (-28 - 10) + -26 + 24?
55
Evaluate -18 - -56 - 84 - -81.
35
What is the value of (-88 + 55 - -117) + 1?
85
13 + 0 - (18 + -4 - (33 - 55))
-23
Evaluate -5 - (16 + 95) - -84.
-32
Evaluate -39 + (10 - -10) - -3.
-16
3 + 17 - (27 + 43 + -81)
31
What is the value of (-59 - -51) + (-6 - 1) + 8 + 0 + -10?
-17
Calculate (-42 - -48 - 122) + 152.
36
Calculate 17 + 49 + -38 + 9.
37
Calculate -95 + (-235 - -118 - -174).
-38
Evaluate ((5 - 5) + -3 - 1) + -19 + 120 - -7.
104
What is (-31 - (12 + -26)) + -8 + (-7 - -1)?
-31
What is -1 + (-10 + -84 - -10) - (26 - 44)?
-67
What is the value of -88 - (-88 + (134 - 68))?
-66
Calculate 116 + (7 - 5 - 13) + (124 - 115).
114
What is the value of (11 + (-18 - -15) - 16) + 3 - -16?
11
Calculate (20 - (44 + -33 + -3)) + -41.
-29
-17 - 5 - ((104 - 145) + 51)
-32
What is 72 + -35 + -9 - -30 - (6 + 1 + -1)?
52
What is 11 - (7 + 14) - -32 - 1?
21
Evaluate 28 + 0 + 22 + (6 - 57).
-1
-28 - (32 - 43 - 38)
21
What is the value of (-1 - ((-1 - -11) + -8)) + 4 + 5 - 31?
-25
Calculate (-18 - -137) + 23 - (-10 - (-15 + -4)).
133
Calculate 27 - (55 - (-239 - -135)).
-132
What is -97 + (15 - ((14 - (-7 - -6)) + -15))?
-82
What is the value of (68 - 58) + 2 + -67 + -1 + 2?
-54
What is the value of (63 + -16 - 40) + (-1 + 0 - -28) + -12?
22
Calculate 43 - (10 + (47 - 36)).
22
1 - -28 - (5 + (-56 - -61) + -17 + -1)
37
79 + -62 - (10 - -6) - 36
-35
Calculate -13 - (47 + -20) - (-3 - 0 - (-6 - 1)).
-44
(2 - -13) + 65 + -52 - 10
18
What is -1 + -13 - (-132 - -129)?
-11
What is the value of 40 - (57 - (79 - 25))?
37
What is 4 - (-9 + 16 - 1) - 6 - 70?
-78
Calculate -2 +